 - 30. What is the units digit of w?
5
Let k = 903 - -3957. What is the tens digit of k?
6
Let q = 4 + -5. Let j(n) = 3*n - 1. Let f be j(3). What is the units digit of (1*q)/(f/(-48))?
6
Let h(t) = 2*t - 3. Suppose -5*s = 4*a - 75, 0*a + 30 = 2*s - 3*a. What is the units digit of h(s)?
7
Let g(o) = 2*o**2 - 22*o - 263. What is the hundreds digit of g(-25)?
5
Let g = 991 - 609. Let q = -183 + g. What is the hundreds digit of q?
1
Let v = 174 + -10. What is the units digit of v?
4
Let k(j) = j**2 + 17*j + 35. Let g be k(-11). Let z = g - -60. What is the units digit of z?
9
Let f be 6/(-4)*32/48. Let j be 3*1/(3/f). What is the units digit of (3 + 6 - j) + 3?
3
Let v(t) = 206*t - 19. What is the tens digit of v(2)?
9
Suppose -5*r - 15 = -315. Suppose -r = -0*z - 3*z. What is the units digit of z?
0
Let w(x) = x**2 - 9*x - 7. Suppose 3*m - 3 + 4 = u, -4*u = 2*m + 52. What is the hundreds digit of w(u)?
2
Let z(v) = 11*v**2 + 8*v + 100. What is the tens digit of z(-9)?
1
Let x(l) = 4*l - 10. Suppose -4*t - 2*u = -3*t - 5, u = 0. Let p(i) = 5*i - 9. Let s(o) = t*p(o) - 6*x(o). What is the units digit of s(-12)?
3
Let r(p) be the second derivative of -2*p**3/3 - 5*p**2/2 + p. Suppose -21*x + 38*x + 119 = 0. What is the tens digit of r(x)?
2
Suppose -516 = -3*k + 1542. What is the hundreds digit of k?
6
Let g(c) = 2*c**3 - 13*c**2 - 6*c. Let n = 35 + -28. Let p be g(n). Suppose -10*t = -p*t - 192. What is the tens digit of t?
6
Suppose 3*w = 7587 + 5979. What is the tens digit of w?
2
Suppose 1 = o, o - 5 + 0 = -2*a. Suppose a*g - 3 = -g. What is the units digit of g/(-2) + (-15)/(-6)?
2
Suppose -4*i + 46 = -198. Let q = i - -2. What is the units digit of q?
3
Let w(x) = x**2 - 3*x - 6. Let y be w(6). Let t(o) = 2 - 5 + 1 + o. What is the tens digit of t(y)?
1
Suppose j - 4*r - 2 + 6 = 0, -3*j - 3*r = -18. Suppose 0 = -j*y + 1 + 67. What is the tens digit of y?
1
What is the units digit of 4 + 30/(-9) - (-3558)/9?
6
Let t be 9/((-3)/(-8)*4). Suppose 3*o = -3*s + t, 0*s + s + 33 = 4*o. What is the units digit of o?
7
Let z(y) = -y**3 - 5*y**2 - 3*y + 1. Let l be z(-4). What is the tens digit of l + 3 + 4 + 56?
6
Let p = 9 + -1. Let x = p - 10. What is the tens digit of (36/x)/((-4)/10)?
4
Suppose 6*l = 3*l - 24. Let k be -4*((-20)/l)/(-5). Suppose 2*h - 5*m = 73, -k*h + 164 = 2*h - 4*m. What is the units digit of h?
4
Suppose -2 = 5*s - 17. Let h = -1303 + 1483. Suppose -6*r = -s*r - h. What is the tens digit of r?
6
Let o = 2184 - 964. What is the units digit of o?
0
Let r be 1 - 29 - (-19 + 15). Let m = 39 + r. What is the tens digit of m?
1
Suppose 5*t + 17 = 2*g, -g - 5*t = 26 + 3. What is the hundreds digit of 0 + 1 + (-3 + -701)/g?
1
Let v be -5 + (-174)/(-24) - 2/8. What is the units digit of 17*(0/v - (6 - 7))?
7
Let d(u) = -u**3 + 9*u**2 + 9*u - 1. Let m be d(10). Let g(v) = -v**2 - 13*v - 5. What is the units digit of g(m)?
7
Let w(j) = 14*j + 20*j**2 - 15 - j**3 - 31*j**2 + 8. What is the units digit of w(-13)?
9
Suppose -3*g - g + 46 = o, 0 = 2*o - 4. Suppose -5*i - 15 = -t, -t + g = -0*t - 3*i. What is the units digit of t?
5
Let u be (2 - 0)*2 + 531. Let k be u/15 - (-4)/(-6). Let m = -19 + k. What is the units digit of m?
6
Suppose 0 = -u + 4*d + 414, -1533 - 142 = -4*u - 3*d. What is the units digit of u?
8
Let n be (-1 - (4 - 6)) + 31. Suppose -j + 2*p - 145 = -6*j, -n = -j - p. What is the units digit of j?
7
Let o be (-4)/(-2) - (0 + 2). Suppose o = 88*n - 91*n + 534. What is the units digit of n?
8
Let g be 2*3/(4 + -1). Let n be 11 + 1/4*0. Let j = n - g. What is the units digit of j?
9
Suppose 0 = 2*k + 3*k + 40. What is the units digit of (42/(-9))/(k/12)?
7
Suppose -2*l = -8, -286*l = f - 290*l - 1419. What is the hundreds digit of f?
4
Let o(b) be the second derivative of 0 - 3*b + 9/2*b**2 - 1/6*b**3. What is the units digit of o(7)?
2
Let o = -493 - -604. What is the hundreds digit of o?
1
Suppose -246*j + 265*j = 41534. What is the hundreds digit of j?
1
Let q(u) = -4*u + 3*u + 4 - 7 + 0. Let x be q(-7). Suppose x*w - 7 = 9. What is the units digit of w?
4
Let u(s) = s**3 - 13*s**2 + 8*s - 90. What is the hundreds digit of u(14)?
2
Suppose -2*v + 1842 = 5*r, 0 = -3*r + v + 359 + 744. What is the tens digit of r?
6
Let u(c) = -c + 8. Let b be u(9). Let q(j) = 6*j - 1. Let m be q(b). Let v = 8 + m. What is the units digit of v?
1
Let m(s) = 3 + 13 - 5*s - 15*s**2 - 6*s + 11. Let y(c) = 7*c**2 + 5*c - 13. Let h(z) = 6*m(z) + 13*y(z). What is the tens digit of h(5)?
1
Let r(y) = -393*y + 148. What is the thousands digit of r(-7)?
2
Let n(q) = q**3 + 46*q**2 + 101*q - 38. What is the units digit of n(-43)?
6
What is the units digit of 12/32 - 81837/(-72)?
7
Let j be ((-9)/(-18))/((-2)/(-4)). Let v be ((-30)/(-45))/(j/(-3)). What is the tens digit of ((-1)/v)/((-15)/(-1470))?
4
Suppose -3 = -c - 0*c. Suppose c*r = 3 + 12. Suppose -r*h + 30 = -125. What is the tens digit of h?
3
Suppose 2*g = -42 - 36. Suppose b - 88 + 23 = 0. Let c = g + b. What is the tens digit of c?
2
Suppose m + 2*w = -w + 5, 4*w = 12. Let u = -2 - m. Suppose -u*r + l = -83, -4*r - r = -2*l - 209. What is the units digit of r?
3
Suppose 0 = -5*j + 2*j. Suppose -w + 8 + 16 = j. What is the tens digit of w?
2
Let c = -2236 - -1444. Let h = -520 - c. What is the hundreds digit of h?
2
Suppose 331 + 47 = 7*z. Let b = 38 - z. What is the units digit of 554/10 + b/40?
5
Let w be 144/14 + (-6)/21. Suppose 5*j - 35 = -w. Suppose 0 = -j*s - 5*o + 110, -3*o - 6 = -o. What is the tens digit of s?
2
Let k = -5 + 2. Let j be k*((-10)/3)/5. Suppose 52 = -m + 5*m + 5*s, -5*s = -j*m + 26. What is the tens digit of m?
1
What is the units digit of 3522/(-4)*(-224)/168?
4
What is the tens digit of (-2)/15 - 13/(585/(-34926))?
7
Suppose -5*f = w - 2*f - 8, 4 = 4*f. Suppose -w*m = -101 - 134. What is the tens digit of m?
4
Let r(s) = -s. Let i = -18 + 15. Let b be r(i). What is the units digit of 1 - 3*(-2)/b?
3
Suppose -h = -z - 180, 5*h + 4*z = h + 688. What is the units digit of h?
6
Let o(n) be the first derivative of n**4/4 + n**3/3 + n + 12. Let z(u) = -4*u**3 - 3*u**2 - u + 26. Let s(h) = 3*o(h) + z(h). What is the tens digit of s(0)?
2
Let o be 19 - ((-12)/(-42) - (-48)/(-21)). Suppose 0 = 5*z - z + 8. What is the tens digit of o + (-12)/((-8)/z)?
1
Let p(v) = -53*v + 245. What is the units digit of p(-9)?
2
Suppose y - 5*y = -2*a + 38, 0 = -y - 4. Suppose 5*v - 91 = -a. What is the tens digit of (v - -4)*2/2?
2
Suppose 4*x - 43 = -3*q, 0*q + 2*q - 52 = -5*x. Suppose -2*y = r - x, -2 = -2*r - 0*r + 2*y. What is the units digit of (3/2 + 0)*r?
6
Suppose 10*j - 4306 = 8*j + 2*b, -2*j + 4320 = 5*b. What is the thousands digit of j?
2
Suppose 5*z + 2*v = 1525, z - 28 = v + 284. What is the units digit of z?
7
Let j(u) = -2. Let d(m) = -10*m**2 - 3*m - 1. Let r(k) = -d(k) + 3*j(k). What is the units digit of r(-4)?
3
Let a be 6/((9/12)/3). Suppose z - 2*x - a = 3*x, -2*x = -2*z + 16. Suppose 2*d + z*i - 34 = 0, 16 = 3*d + i - 25. What is the units digit of d?
3
Let j(k) = -k**3 + 18*k**2 - 17*k + 14. Let z be j(10). What is the units digit of ((z/(-8))/7)/((-2)/12)?
9
Suppose 8 = -8*j + 24. Suppose -f - m + 103 = 43, -2*m = -j*f + 136. What is the tens digit of f?
6
Let r(k) = 24 + 0*k**2 + k**3 - 10 - k - 11*k**2. Let w be r(11). Suppose z = -v - z + 6, 24 = 3*v + w*z. What is the units digit of v?
0
Let y be (-2)/8 - 162/(-72). Suppose y*x = x + 2. Suppose -x*r + 0*r = -60. What is the tens digit of r?
3
Let p(i) be the third derivative of -i**4/12 - i**3/6 - 7*i**2. Let r be p(-2). Let f = 12 - r. What is the units digit of f?
9
Suppose 5*a - 4*y + 2 + 1 = 0, 2*y = 4. Suppose 4 = 2*i + o - a, -2*i + 3*o - 7 = 0. What is the units digit of 29*i/(3 + -2)?
9
Suppose -2*r - 678 = r. Let p be (-8)/(-20) - r/10. Suppose -38 = -h + p. What is the tens digit of h?
6
Suppose -5*b + 5*x + 22 = 3*x, b - 3*x + 6 = 0. Let k(u) = 42*u - 49. What is the hundreds digit of k(b)?
2
Let z(a) = -48*a - 61. Suppose -6*f + 7*f = -2*x - 2, 33 = -3*f + 3*x. What is the hundreds digit of z(f)?
3
Let z(l) = -l + 15. Let b be z(8). Suppose -b*o = -2*o - 215. What is the units digit of o?
3
Let o = 27 + -26. Let l(t) = 18*t - 1. What is the tens digit of l(o)?
1
Suppose -2*i + 2 + 2 = 0. Let a(z